False
Suppose 86677 = 29*b - 31440. Is b a prime number?
True
Suppose 3*n + 58 = -110. Let q = 198 - n. Is q a prime number?
False
Let y = 597 - -2550. Is y composite?
True
Is (-4 - (-28)/8) + 3078/4 a prime number?
True
Let b(d) = -2136*d - 671. Is b(-9) a prime number?
True
Let w = -47 - -47. Suppose w = -6*g + 8201 + 625. Is g composite?
False
Let d = 28 + -24. Suppose d*t = t. Suppose -3*g + o + o + 1563 = t, -g - 5*o = -538. Is g prime?
True
Let a = 337 - 31. Suppose 2*r + r - a = 0. Suppose 2*n - 80 = r. Is n a composite number?
True
Let x = -1744 - -1113. Let r be 18/(-4)*(-84)/(-1). Let n = r - x. Is n composite?
True
Suppose -2*m + m + 45 = 0. Let n be (-6)/(-10)*m/3. Suppose -2*w - 5*d = -n - 134, 0 = 3*w - d - 240. Is w composite?
False
Is 5948 + 58 + (-1 - (-2 - 0)) prime?
True
Suppose 9*v = 21*v - 1272. Is v a prime number?
False
Suppose 7*t - 9552 = -641. Is t a prime number?
False
Let j(y) = 77*y**2 - y + 7. Let i be j(-4). Let h = -670 + i. Is h composite?
True
Let t(n) = -2 - 5 + 4 - n**3 - 6*n**2 - n. Let a be ((-1)/2)/(51/(-34))*-21. Is t(a) a composite number?
False
Suppose 3*d = 3*i + 414, -3*i - 556 = -4*d - 0*d. Let h(j) = 8*j**2 - j + 5. Let g be h(6). Let u = g - d. Is u composite?
True
Let n be 12/((3/4*2)/(-1)). Is ((-124)/n)/(2 - (-6)/(-4)) a prime number?
True
Suppose 5*d = 2*n + 211 - 85, 5*d - 120 = 5*n. Let v = d + 8. Is v a prime number?
False
Let m be ((-8)/10)/(16/(-80)). Suppose 0 = 5*s - 4*d - 436, -3*d = 4*s - m*d - 351. Let u = s - -61. Is u composite?
False
Suppose 5*v = 2*r - 243, 2*r - 2*v - 288 = -6*v. Suppose -o + 9*i = 4*i - 79, -2*o + 4*i + r = 0. Suppose 2*u - 2*k - o = 49, 4*k = -5*u + 279. Is u composite?
True
Is ((-4)/6)/((-6)/11493) prime?
True
Let w(g) = 19*g**2 + 2*g - 15. Let q(m) = -28*m**2 - 3*m + 23. Let x(u) = 5*q(u) + 8*w(u). Let s(n) be the first derivative of x(n). Is s(4) a composite number?
False
Let z be (-22)/(-3)*(5 + (-95)/10). Let g = 98 - z. Is g composite?
False
Let u be 1 + 1 + (-10 - -13). Suppose -d - u*i + 14 = 2*d, 5*i = -2*d + 11. Is 15/(-10)*(-694)/d a prime number?
True
Is (2 + 2)*(-3)/12*-662 a prime number?
False
Suppose 3*f + 2*u = -817 + 193, -2*u = 4*f + 830. Let s = 615 - f. Is s a prime number?
True
Suppose 2*x + 2*x = 2*m - 22, 0 = -5*m - 2*x + 7. Suppose 2 = m*g + 8. Let r(a) = -a**3 + 3*a**2 + a + 1. Is r(g) a prime number?
True
Let t(c) = 2*c**3 - 2*c**2 + 14*c - 7. Let n be t(9). Suppose -n = -5*m + 2120. Is m composite?
True
Suppose -28171 = -5*c + 34324. Is c composite?
True
Suppose 3*j = -p + 46, 5*p + 114 - 409 = -2*j. Let m(z) = -4*z**3 - 2*z**2 + 2. Let r be m(-3). Let l = r - p. Is l composite?
False
Let b(g) = 56*g + 27. Is b(4) a composite number?
False
Let s(n) = -11*n - 1. Let m be s(4). Suppose -g = -3*f - 5, 3*g + 5*f + 24 = -31. Let a = g - m. Is a a prime number?
False
Let m be (-2 - 25)*(-22)/6. Suppose -6*j = -1425 - m. Is (j/(-6))/(1/(-3)) composite?
False
Suppose 0 = 2*m - 4, 16 = 3*b + 2*m. Suppose 2*c + 2*n + b = 0, 5*n + 15 = -10. Suppose -134 = -c*t + t. Is t a composite number?
False
Let l = 20 + -18. Let s = 485 + l. Is s a prime number?
True
Suppose 6*i - 11*i = -40925. Is i a prime number?
False
Suppose 0 = -5*x + 4*x + 12. Let g(b) = 340*b - 2 - 1008*b + 336*b - 7 + 333*b. Is g(x) prime?
True
Let v = -225 - 76. Let k = v - -440. Is k prime?
True
Let m(j) = 712*j**2 - 67*j - 10. Is m(5) prime?
False
Let d(m) = 8*m - 59. Let a be d(8). Suppose -1908 = -h - a*g, -3*h + 5*g + 2438 = -3346. Is h a composite number?
True
Let c(g) = -g**3 - 20*g**2 + 45*g - 51. Is c(-25) composite?
False
Let w be 3/(-5) + (-5 - 106/(-10)). Suppose 2*v - 8 = 0, -3*v - 1062 = -2*f - w*v. Is f composite?
True
Let v(z) = z**2 - 3*z - 3. Let t be -6 + (-1 - (-1 + -2)). Let r be v(t). Suppose r = 5*h, -2*q + 46 = 5*h - 9. Is q composite?
True
Let p(d) = -3*d**3 - 6*d**2 + 3*d - 7. Let h be p(4). Let r = 48 - h. Is r composite?
False
Suppose 5*l + 3*f = 8081, 4*l - 4*f = -985 + 7469. Is l a composite number?
True
Let d(c) = 46*c**2 - 7*c + 4. Let r be d(2). Let b = -143 + r. Is b composite?
False
Let a = 1203 + -56. Is a a prime number?
False
Suppose 0 = 30*t - 29*t - 461. Let n = 1356 + t. Is n a prime number?
False
Is (23242/8)/(439/(-20) - -22) prime?
False
Let t(x) = 526*x - 131. Is t(16) composite?
True
Suppose -8*t = -3*t - 25. Suppose -b + 4*n - 36 = 7, n = -t*b - 236. Let w = -10 - b. Is w a prime number?
True
Let o(j) = 6*j**2 + 10*j - 2. Let x(l) = 5*l**2 + 9*l - 1. Let h(y) = 6*o(y) - 7*x(y). Let a be h(-5). Suppose -155 = -5*w + a. Is w prime?
False
Is ((-8478)/(-108))/(1/2) a prime number?
True
Let v(p) = p**3 - 6*p**2 - p + 29. Is v(23) composite?
False
Let w(s) be the second derivative of 121*s**4/6 + s**3/2 + 6*s**2 + 16*s. Is w(-3) a prime number?
False
Suppose -4*r - x + 12 = 0, 5*x - 14 = -3*r + 3*x. Let z(t) = 1 + 11*t**2 + 6*t**2 + 2*t - 16*t**r - 5. Is z(7) prime?
True
Suppose -13*t + 15*t = 13114. Is t a prime number?
False
Let r = 36 - 33. Suppose 5549 = r*o + 4*k, -9227 = -2*o - 3*o + 4*k. Is o a prime number?
True
Suppose 3*x = 3*a - 45861 + 14766, -5*a = -x - 51833. Is a a prime number?
False
Is 5 + 223/2*(38 + 206) composite?
False
Let r(q) = -2 + 4*q + 1 + q**2 + 3*q**2 - q**3 + 2*q**3. Let w be r(-3). Is (-113)/(-2*w/(-8)) prime?
True
Let u be 160/(5 - 0) + 1. Suppose p = 26 + u. Is p composite?
False
Suppose -57*y - 135849 = -78*y. Is y composite?
False
Let z = 857 + 196. Suppose -6*h + 2*f = -7*h + z, 4*h - f - 4167 = 0. Is h composite?
True
Let k(t) = 4 + 5*t**3 - 47*t**3 + 3*t**2 - 2 + 7*t**3. Is k(-3) a prime number?
False
Suppose 0 = 25*o - 26*o + 2302. Is o a composite number?
True
Let t(n) be the second derivative of 91*n**3/6 + 6*n**2 - 2*n. Is t(7) composite?
True
Let g = 34 + -28. Suppose 2 = -g*b + 4*b, -b - 5886 = -5*h. Is h a prime number?
False
Suppose b + 69 = 73. Suppose -b*i + 9221 = -18111. Is i composite?
False
Let o = 21969 - 6368. Is o composite?
False
Let i(g) = 3*g**2 - 4*g - 33. Suppose 8*a + 98 = 18. Is i(a) prime?
True
Is ((-18)/(-15))/(12*10/428100) composite?
True
Suppose -12*o + 15013 - 1645 = 0. Is o composite?
True
Suppose 0 = 102*n - 104*n + 69470. Is n a prime number?
False
Let g(t) = -160*t - 4. Let s be g(-4). Let w = -151 + s. Suppose 7*z = 2*z + w. Is z composite?
False
Let m = -12425 - -84762. Is m a prime number?
True
Suppose -4*j = -2*q - 47448, 2*q + q = j - 11857. Is j a composite number?
False
Is (8/(-126)*-9)/(4/24262) a prime number?
False
Suppose 3529 + 41 = 2*a. Suppose 564 = -3*f + a. Is f composite?
True
Suppose 1237 + 3317 = a. Suppose -4*c + c - 3*v + a = 0, -2*c + 3035 = v. Is c a prime number?
False
Suppose 3*x - 7*x - 2384 = 0. Let h = x - -313. Let j = h - -680. Is j a composite number?
False
Let l(y) = -2*y**3 - 2*y**2 + 8*y + 62657. Is l(0) prime?
False
Suppose 6194 = 4*s - 3*s - q, 4*q = -4*s + 24800. Is s a prime number?
True
Let i be 1 + (-4)/(4/(-23)). Let t be (-4)/(-6) - i/9. Is ((-1324)/(-6))/(t/(-3)) a prime number?
True
Let z(r) = 10*r**2 - 3*r - 1. Let q be z(-1). Let b = q + 1. Is b prime?
True
Let a(x) = 85*x**3 - 22*x**2 - 16*x + 155. Is a(9) a composite number?
True
Let m(u) = -1 + 50*u**2 + 0 - u - 1. Let a = -34 + 37. Is m(a) a prime number?
False
Let u = 4670 - -219. Is u prime?
True
Suppose 0 = -1191*u + 1194*u - 1479. Is u a composite number?
True
Let m be 17855/45 + (-6)/(-27). Suppose -g = -0*g - m. Is g composite?
False
Is ((-1)/(-3))/((-13)/(-296900 - 7)) a composite number?
True
Suppose 4*p = 5*p + 2210. Is p/(-10) - (-4)/2 prime?
True
Let x(h) = 2*h**2 + 2*h + 4. Let a be x(0). Suppose a*y = 180 - 32. Is y prime?
True
Suppose -8*d + 4*k = -3*d + 60, 0 = 2*k - 10. Let s be d/(-4) + 1 - -5. Suppose 5*v = s*v - 33. Is v a composite number?
False
Let h be (1/2*0)/(-1). Suppose h = -p - 0 + 5. Let w(j) = 28*j + 9. Is w(p) composite?
False
Suppose 9*b - 5*b - 528 = 0. Suppose -21 = 3*h - b. Is h a prime number?
True
Let m(j) = 158*j**2 - 14*j - 127. Is m(-15) composite?
True
Let a = 20 + -16. Suppose 7*h = a*h + 3123. Is h composite?
True
Let o(d) = 218*d**3 + 3*d**2 + d - 1. Let t be o(1). Let m = t - 102. Is m composite?
True
Let g(p) = 14*p**2 - 7*p - 2. Let s be ((-10)/(-6))/(3/(-9)). Let t be g(s). Suppose 5*l = 272 + t. Is l prime?
True
Let n